{"id":12,"date":"2023-07-05T16:29:17","date_gmt":"2023-07-05T14:29:17","guid":{"rendered":"http:\/\/wordpress2380289.home.pl\/home\/pdejnfikoi\/domains\/wszystkoorozwodzielodz.pl\/public_html\/?page_id=12"},"modified":"2023-07-25T11:14:01","modified_gmt":"2023-07-25T09:14:01","slug":"kontakt","status":"publish","type":"page","link":"https:\/\/wszystkoorozwodzielodz.pl\/index.php\/kontakt\/","title":{"rendered":"Kontakt"},"content":{"rendered":"<p><strong>WALCZAK Legal<\/strong><br \/>\nBudynek COTTON HOUSE<br \/>\n(wej\u015bcie g\u0142\u00f3wne A, VIII pi\u0119tro)<br \/>\nul. Sterlinga 27\/29 lok. 803<br \/>\n90-212 \u0141\u00f3d\u017a<\/p>\n<p><strong>tel.:<\/strong> +48 576 777 064<br \/>\n<strong>e-mail:<\/strong> <a href=\"mailto:kancelaria@walczaklegal.com\" rel=\"noopener\" target=\"_blank\">kancelaria@walczaklegal.com<\/a><\/p>\n\n<div class=\"wpcf7 no-js\" id=\"wpcf7-f4-o1\" lang=\"pl-PL\" dir=\"ltr\" data-wpcf7-id=\"4\">\n<div class=\"screen-reader-response\"><p role=\"status\" aria-live=\"polite\" aria-atomic=\"true\"><\/p> <ul><\/ul><\/div>\n<form action=\"\/index.php\/wp-json\/wp\/v2\/pages\/12#wpcf7-f4-o1\" method=\"post\" class=\"wpcf7-form init\" aria-label=\"Formularz kontaktowy\" novalidate=\"novalidate\" data-status=\"init\">\n<fieldset class=\"hidden-fields-container\"><input type=\"hidden\" name=\"_wpcf7\" value=\"4\" \/><input type=\"hidden\" name=\"_wpcf7_version\" value=\"6.1.5\" \/><input type=\"hidden\" name=\"_wpcf7_locale\" value=\"pl_PL\" \/><input type=\"hidden\" name=\"_wpcf7_unit_tag\" value=\"wpcf7-f4-o1\" \/><input type=\"hidden\" name=\"_wpcf7_container_post\" value=\"0\" \/><input type=\"hidden\" name=\"_wpcf7_posted_data_hash\" value=\"\" \/>\n<\/fieldset>\n<p><label> Imi\u0119<br \/>\n<span class=\"wpcf7-form-control-wrap\" data-name=\"your-name\"><input size=\"40\" maxlength=\"400\" class=\"wpcf7-form-control wpcf7-text wpcf7-validates-as-required\" autocomplete=\"name\" aria-required=\"true\" aria-invalid=\"false\" value=\"\" type=\"text\" name=\"your-name\" \/><\/span> <\/label>\n<\/p>\n<p><label> Adres e-mail<br \/>\n<span class=\"wpcf7-form-control-wrap\" data-name=\"your-email\"><input size=\"40\" maxlength=\"400\" class=\"wpcf7-form-control wpcf7-email wpcf7-validates-as-required wpcf7-text wpcf7-validates-as-email\" autocomplete=\"email\" aria-required=\"true\" aria-invalid=\"false\" value=\"\" type=\"email\" name=\"your-email\" \/><\/span> <\/label>\n<\/p>\n<p><label> Temat<br \/>\n<span class=\"wpcf7-form-control-wrap\" data-name=\"your-subject\"><input size=\"40\" maxlength=\"400\" class=\"wpcf7-form-control wpcf7-text wpcf7-validates-as-required\" aria-required=\"true\" aria-invalid=\"false\" value=\"\" type=\"text\" name=\"your-subject\" \/><\/span> <\/label>\n<\/p>\n<p><label> Wiadomo\u015b\u0107<br \/>\n<span class=\"wpcf7-form-control-wrap\" data-name=\"your-message\"><textarea cols=\"40\" rows=\"10\" maxlength=\"2000\" class=\"wpcf7-form-control wpcf7-textarea\" aria-invalid=\"false\" name=\"your-message\"><\/textarea><\/span> <\/label>\n<\/p>\n<p><input class=\"wpcf7-form-control wpcf7-submit has-spinner\" type=\"submit\" value=\"Wy\u015blij\" \/>\n<\/p><p style=\"display: none !important;\" class=\"akismet-fields-container\" data-prefix=\"_wpcf7_ak_\"><label>&#916;<textarea name=\"_wpcf7_ak_hp_textarea\" cols=\"45\" rows=\"8\" maxlength=\"100\"><\/textarea><\/label><input type=\"hidden\" id=\"ak_js_1\" name=\"_wpcf7_ak_js\" value=\"186\"\/><script>document.getElementById( \"ak_js_1\" ).setAttribute( \"value\", ( new Date() ).getTime() );<\/script><\/p><div class=\"wpcf7-response-output\" aria-hidden=\"true\"><\/div>\n<\/form>\n<\/div>\n\n","protected":false},"excerpt":{"rendered":"<p>WALCZAK Legal Budynek COTTON HOUSE (wej\u015bcie g\u0142\u00f3wne A, VIII pi\u0119tro) ul. Sterlinga 27\/29 lok. 803 90-212 \u0141\u00f3d\u017a tel.: +48 576 777 064 e-mail: kancelaria@walczaklegal.com<\/p>\n","protected":false},"author":1,"featured_media":0,"parent":0,"menu_order":0,"comment_status":"closed","ping_status":"closed","template":"","meta":{"footnotes":""},"class_list":["post-12","page","type-page","status-publish","hentry"],"yoast_head":"<!-- This site is optimized with the Yoast SEO plugin v27.3 - https:\/\/yoast.com\/product\/yoast-seo-wordpress\/ -->\n<title>Kontakt - Wszystko o rozwodzie<\/title>\n<meta name=\"robots\" content=\"index, follow, max-snippet:-1, max-image-preview:large, max-video-preview:-1\" \/>\n<link rel=\"canonical\" href=\"https:\/\/wszystkoorozwodzielodz.pl\/index.php\/kontakt\/\" \/>\n<meta property=\"og:locale\" content=\"pl_PL\" \/>\n<meta property=\"og:type\" content=\"article\" \/>\n<meta property=\"og:title\" content=\"Kontakt - Wszystko o rozwodzie\" \/>\n<meta property=\"og:description\" content=\"WALCZAK Legal Budynek COTTON HOUSE (wej\u015bcie g\u0142\u00f3wne A, VIII pi\u0119tro) ul. Sterlinga 27\/29 lok. 803 90-212 \u0141\u00f3d\u017a tel.: +48 576 777 064 e-mail: kancelaria@walczaklegal.com\" \/>\n<meta property=\"og:url\" content=\"https:\/\/wszystkoorozwodzielodz.pl\/index.php\/kontakt\/\" \/>\n<meta property=\"og:site_name\" content=\"Wszystko o rozwodzie\" \/>\n<meta property=\"article:modified_time\" content=\"2023-07-25T09:14:01+00:00\" \/>\n<meta name=\"twitter:card\" content=\"summary_large_image\" \/>\n<meta name=\"twitter:label1\" content=\"Szacowany czas czytania\" \/>\n\t<meta name=\"twitter:data1\" content=\"1 minuta\" \/>\n<script type=\"application\/ld+json\" class=\"yoast-schema-graph\">{\"@context\":\"https:\\\/\\\/schema.org\",\"@graph\":[{\"@type\":\"WebPage\",\"@id\":\"https:\\\/\\\/wszystkoorozwodzielodz.pl\\\/index.php\\\/kontakt\\\/\",\"url\":\"https:\\\/\\\/wszystkoorozwodzielodz.pl\\\/index.php\\\/kontakt\\\/\",\"name\":\"Kontakt - Wszystko o rozwodzie\",\"isPartOf\":{\"@id\":\"https:\\\/\\\/wszystkoorozwodzielodz.pl\\\/#website\"},\"datePublished\":\"2023-07-05T14:29:17+00:00\",\"dateModified\":\"2023-07-25T09:14:01+00:00\",\"breadcrumb\":{\"@id\":\"https:\\\/\\\/wszystkoorozwodzielodz.pl\\\/index.php\\\/kontakt\\\/#breadcrumb\"},\"inLanguage\":\"pl-PL\",\"potentialAction\":[{\"@type\":\"ReadAction\",\"target\":[\"https:\\\/\\\/wszystkoorozwodzielodz.pl\\\/index.php\\\/kontakt\\\/\"]}]},{\"@type\":\"BreadcrumbList\",\"@id\":\"https:\\\/\\\/wszystkoorozwodzielodz.pl\\\/index.php\\\/kontakt\\\/#breadcrumb\",\"itemListElement\":[{\"@type\":\"ListItem\",\"position\":1,\"name\":\"Start\",\"item\":\"https:\\\/\\\/wszystkoorozwodzielodz.pl\\\/\"},{\"@type\":\"ListItem\",\"position\":2,\"name\":\"Kontakt\"}]},{\"@type\":\"WebSite\",\"@id\":\"https:\\\/\\\/wszystkoorozwodzielodz.pl\\\/#website\",\"url\":\"https:\\\/\\\/wszystkoorozwodzielodz.pl\\\/\",\"name\":\"Wszystko o rozwodzie\",\"description\":\"Walczak Legal\",\"potentialAction\":[{\"@type\":\"SearchAction\",\"target\":{\"@type\":\"EntryPoint\",\"urlTemplate\":\"https:\\\/\\\/wszystkoorozwodzielodz.pl\\\/?s={search_term_string}\"},\"query-input\":{\"@type\":\"PropertyValueSpecification\",\"valueRequired\":true,\"valueName\":\"search_term_string\"}}],\"inLanguage\":\"pl-PL\"}]}<\/script>\n<!-- \/ Yoast SEO plugin. -->","yoast_head_json":{"title":"Kontakt - Wszystko o rozwodzie","robots":{"index":"index","follow":"follow","max-snippet":"max-snippet:-1","max-image-preview":"max-image-preview:large","max-video-preview":"max-video-preview:-1"},"canonical":"https:\/\/wszystkoorozwodzielodz.pl\/index.php\/kontakt\/","og_locale":"pl_PL","og_type":"article","og_title":"Kontakt - Wszystko o rozwodzie","og_description":"WALCZAK Legal Budynek COTTON HOUSE (wej\u015bcie g\u0142\u00f3wne A, VIII pi\u0119tro) ul. Sterlinga 27\/29 lok. 803 90-212 \u0141\u00f3d\u017a tel.: +48 576 777 064 e-mail: kancelaria@walczaklegal.com","og_url":"https:\/\/wszystkoorozwodzielodz.pl\/index.php\/kontakt\/","og_site_name":"Wszystko o rozwodzie","article_modified_time":"2023-07-25T09:14:01+00:00","twitter_card":"summary_large_image","twitter_misc":{"Szacowany czas czytania":"1 minuta"},"schema":{"@context":"https:\/\/schema.org","@graph":[{"@type":"WebPage","@id":"https:\/\/wszystkoorozwodzielodz.pl\/index.php\/kontakt\/","url":"https:\/\/wszystkoorozwodzielodz.pl\/index.php\/kontakt\/","name":"Kontakt - Wszystko o rozwodzie","isPartOf":{"@id":"https:\/\/wszystkoorozwodzielodz.pl\/#website"},"datePublished":"2023-07-05T14:29:17+00:00","dateModified":"2023-07-25T09:14:01+00:00","breadcrumb":{"@id":"https:\/\/wszystkoorozwodzielodz.pl\/index.php\/kontakt\/#breadcrumb"},"inLanguage":"pl-PL","potentialAction":[{"@type":"ReadAction","target":["https:\/\/wszystkoorozwodzielodz.pl\/index.php\/kontakt\/"]}]},{"@type":"BreadcrumbList","@id":"https:\/\/wszystkoorozwodzielodz.pl\/index.php\/kontakt\/#breadcrumb","itemListElement":[{"@type":"ListItem","position":1,"name":"Start","item":"https:\/\/wszystkoorozwodzielodz.pl\/"},{"@type":"ListItem","position":2,"name":"Kontakt"}]},{"@type":"WebSite","@id":"https:\/\/wszystkoorozwodzielodz.pl\/#website","url":"https:\/\/wszystkoorozwodzielodz.pl\/","name":"Wszystko o rozwodzie","description":"Walczak Legal","potentialAction":[{"@type":"SearchAction","target":{"@type":"EntryPoint","urlTemplate":"https:\/\/wszystkoorozwodzielodz.pl\/?s={search_term_string}"},"query-input":{"@type":"PropertyValueSpecification","valueRequired":true,"valueName":"search_term_string"}}],"inLanguage":"pl-PL"}]}},"_links":{"self":[{"href":"https:\/\/wszystkoorozwodzielodz.pl\/index.php\/wp-json\/wp\/v2\/pages\/12","targetHints":{"allow":["GET"]}}],"collection":[{"href":"https:\/\/wszystkoorozwodzielodz.pl\/index.php\/wp-json\/wp\/v2\/pages"}],"about":[{"href":"https:\/\/wszystkoorozwodzielodz.pl\/index.php\/wp-json\/wp\/v2\/types\/page"}],"author":[{"embeddable":true,"href":"https:\/\/wszystkoorozwodzielodz.pl\/index.php\/wp-json\/wp\/v2\/users\/1"}],"replies":[{"embeddable":true,"href":"https:\/\/wszystkoorozwodzielodz.pl\/index.php\/wp-json\/wp\/v2\/comments?post=12"}],"version-history":[{"count":6,"href":"https:\/\/wszystkoorozwodzielodz.pl\/index.php\/wp-json\/wp\/v2\/pages\/12\/revisions"}],"predecessor-version":[{"id":128,"href":"https:\/\/wszystkoorozwodzielodz.pl\/index.php\/wp-json\/wp\/v2\/pages\/12\/revisions\/128"}],"wp:attachment":[{"href":"https:\/\/wszystkoorozwodzielodz.pl\/index.php\/wp-json\/wp\/v2\/media?parent=12"}],"curies":[{"name":"wp","href":"https:\/\/api.w.org\/{rel}","templated":true}]}}